 3*t. Suppose 5 = -w + 4. Determine f(w).
-6
Suppose -t + 0*t + 2*i - 3 = 0, 3 = -3*t + 3*i. Let k(z) be the second derivative of -z + z**3 - 1 + 1. Determine k(t).
6
Suppose 12*c - 5*c + 28 = 0. Let a(p) = -3*p - 2. Give a(c).
10
Let d = -5 + 1. Let u(v) = 4*v**2 - 6*v - 9. Let n(o) = -4 - 4 + 0*o**2 + 3*o**2 - 6*o. Let c(y) = -5*n(y) + 4*u(y). Give c(d).
-4
Let f(m) = -m**2 + m - 1. Let q(d) = d**2 + 10*d - 5. Let a be q(-11). Let r = -4 - -8. Suppose 0 = -r*k + k + a. Give f(k).
-3
Let a = -7 - -11. Let h(r) be the third derivative of 0*r - r**2 + 0 + r**3 - 1/12*r**4. Calculate h(a).
-2
Suppose z + 3*z - 52 = 0. Let h = z + -19. Let a(i) = -i**3 - 5*i**2 + 5*i - 2. What is a(h)?
4
Let v(j) be the third derivative of j**5/60 + 7*j**4/24 + 2*j**3/3 + 10*j**2. Suppose 3*h + 16 = 1. Determine v(h).
-6
Let l(a) be the third derivative of a**7/2520 + a**6/720 - a**5/40 - a**4/6 - 3*a**2. Let c(i) be the second derivative of l(i). Determine c(0).
-3
Let j(q) = -q**2 + 14*q + 37. Let x be j(16). Let k(l) be the first derivative of -l**3/3 + 7*l**2/2 - 1. What is k(x)?
10
Let i(w) = -6 + w**3 + 0 - 2*w + 2 + 4*w**2. Let h(b) = 2*b + 4. Let x be h(-2). Suppose x + 24 = -5*q - 2*o, 0 = -4*q + 4*o - 8. What is i(q)?
4
Let s(w) = 19*w**3 + w**2 + w - 1. Let f be s(1). Let v be (-2)/(-10) + f/25. Let p(u) = -u**2 + 2*u. What is p(v)?
1
Let k(w) = 4*w**3 - 25*w**2 - 11*w - 9. Let j(z) = -z**3 + 8*z**2 + 4*z + 3. Let y(g) = 7*j(g) + 2*k(g). What is y(-4)?
11
Let o(q) = -3*q + 4*q - q + 2*q + 3*q**2. What is o(2)?
16
Let z(l) = 3*l**2 + 4*l + 6. Let c(x) = x**2 + x + 2. Let h(d) = -11*c(d) + 4*z(d). Suppose t = -t + 5*w - 29, 3*w - 5 = -5*t. Give h(t).
-4
Suppose 4*w - 6 = 14. Let k(n) = -2*n + 1. Let q be k(1). Let u = q + w. Let d(y) = y. Determine d(u).
4
Suppose -s + 2*o + 11 = 0, 4*o = o - 9. Let j(q) = q**3 - 4*q**2 - 7*q - 1. Determine j(s).
-11
Let j(u) = 5*u**2 - 3*u + u**3 - 5*u**2 - u**2 + 3*u**2 - 1. Let o(x) = x**3 - 5*x**2 + 2*x + 5. Let g be o(4). What is j(g)?
-1
Let j be (4/3)/(-4)*-3. Let t(s) = -6*s**2 + s. Let p(g) = 18*g**2 - 3*g. Let n = -3 + 11. Let q(y) = n*t(y) + 3*p(y). What is q(j)?
5
Let q = 3 - 1. Suppose -d + q = -2. Let h(x) = -1 + d + 0 + 2*x. Give h(-5).
-7
Suppose 23 = -5*w + 13. Let g be 1/(-5) + 32/10. Let y(d) = -4*d**2 - 1 - d**3 + g*d**3 + 3*d**2 - 3*d**3. Calculate y(w).
3
Let f(v) = 2*v**2 - 22*v - v**2 + 20*v + 1. Suppose 0 = -2*z + 3*z - 5. Suppose 0 = -z*g - 0*g, 3 = j - 3*g. Give f(j).
4
Let n(r) = r**3 + 5*r**2 + 2*r - 3. Let h be n(-4). Let x be 0 + -1*-1*2. Let w(l) = -l**2 + 4*l + 0*l + 0*l**x. Determine w(h).
-5
Suppose 0 = 2*t + t - 9. Let k(f) be the first derivative of -f**4/12 + f**3/2 - f**2/2 - 2*f - 1. Let h(n) be the first derivative of k(n). Give h(t).
-1
Let i(c) be the third derivative of c**5/60 - c**4/6 + c**3 + 2*c**2. Calculate i(4).
6
Let b(f) be the first derivative of 1/24*f**5 - 1 + 0*f + 0*f**2 + 1/3*f**3 + 0*f**4. Let q(r) be the third derivative of b(r). Calculate q(1).
5
Let n(z) be the first derivative of z**4/4 + 2*z**3 + 3*z**2 + 3*z - 16. Determine n(-5).
-2
Suppose 10 + 23 = 11*i. Let l(g) = -g - 1. Let v(p) = -5*p. Let j(n) = -2*l(n) + v(n). Give j(i).
-7
Suppose -2*j - 5*o = 0, 0*o + o - 13 = -3*j. Let d(s) = -s**2 + 3*s + 7. Give d(j).
-3
Let f be (-4)/(-6) - (-22)/(-6). Let q(x) = 18*x - 1. Let b(r) = 4*r. Let d(l) = 5*b(l) - q(l). Determine d(f).
-5
Let d be -4 + -4 + -1*2. Let s be (-6)/(-15) + (-36)/d. Let h(n) = n**2 - 6*n + 3. What is h(s)?
-5
Suppose 46 = 5*c + 4*u, -u + 44 = 4*c + 4*u. Suppose 5*b + c - 46 = 0. Let d be (-4)/(-6)*12/b. Let k(z) = 6*z. Give k(d).
6
Let l = 4 + -8. Let z(t) = -t**3 - 5*t**2 - 3*t. Let o be z(l). Let r(i) be the second derivative of -i**4/6 - 5*i**3/6 + 2*i**2 + i. Calculate r(o).
-8
Let u(s) = s**2 + s. Let j(o) = -5*o**2 - 3*o - 4. Let f(t) = -j(t) - 6*u(t). What is f(-6)?
-14
Let g(n) = -4*n + 3. Let l(f) = -f. Let b(w) = g(w) - 5*l(w). Suppose 2*c - 3*c = 0. What is b(c)?
3
Let o(r) = -r**3 - 5*r**2 - r - 3. Let h(n) = n**3 + 5*n**2 + 3. Let z be h(-5). Suppose -s = -z*s + 4. Let p be (s + 8)*1/(-2). Determine o(p).
2
Let q(c) = 2*c - 9. Let k be q(6). Suppose -4*m + k*m = 4. Let v(h) = 2*h - 6. Let i(n) = -3*n + 6. Let w(r) = m*v(r) - 3*i(r). Determine w(-3).
3
Let y be (-21)/(-4) - (-2)/(-8). Let c = 4 + -3. Let z(i) = 4*i**2 + c + 5*i - 5*i**2 + 6. Determine z(y).
7
Suppose 21 = 5*h - 2*l, -2*l + 6 = 5*h + l. Let z(b) = 3 - 6*b**2 - b + 1 - 5*b - b**3 + 0*b**h. Give z(-5).
9
Suppose 5 - 15 = -5*v. Let s(q) = 0*q**v + 2*q**2 - 7 - q**2 - q - 3*q. Let g(d) = -d**3 - d**2 + 5*d + 2. Let j be g(-3). What is s(j)?
-2
Let n(k) = -k**3 + 2*k**2 + 2*k + 1. Suppose -4*q - 3*b + 12 = 0, -2*q + 3*b + 3 + 3 = 0. Let v be n(q). Let c(d) = d**3 + 4*d**2 + 2*d - 2. Give c(v).
2
Let z(l) = 18*l + 103. Let c be z(-6). Let i(b) = 0 - 2*b + 6*b**2 - 3*b**2 - 5. Let g(k) = -4*k**2 + k + 6. Let d(o) = 4*g(o) + 5*i(o). Determine d(c).
4
Let f(j) be the third derivative of -j**6/720 - j**5/60 + j**4/12 + 3*j**2. Let s(z) be the second derivative of f(z). Give s(-2).
0
Let g = 128 - 132. Let u(n) = -n**3 - 3*n**2 + 4*n - 3. Give u(g).
-3
Let c(h) = -2*h. Let l be c(-4). Let q(n) = 3*n**2 - l*n**2 - 2 + 0 - n**3. Let b(d) = -2*d + 1. Let p be b(3). Calculate q(p).
-2
Let n(b) = -b - 3. Let v be 7 - 2 - 9/3. Suppose z = v*z + 3. Give n(z).
0
Let j(u) = u**3 - u**2 - 1. Let b(m) = -3*m - 22. Let q(x) = 2*x + 21. Let l(d) = 3*b(d) + 4*q(d). Let r be l(18). Calculate j(r).
-1
Let p(l) = l**3 + l - 1. Let r(n) = 9*n**3 - 3*n + 4. Let g(j) = -4*p(j) - r(j). Determine g(-1).
14
Let b = 14 + -8. Let i(w) = -w**2 + 7*w - 6. What is i(b)?
0
Suppose l = 4*v - 17 + 6, 3*v + 2*l = 0. Let g(h) = h**3 + 37 - 37 + v*h**2 - 4*h. Calculate g(-3).
3
Suppose 23 + 12 = 5*c. Let w(o) = o**3 - 7*o**2 - 2*o - 1. Calculate w(c).
-15
Let q(s) = -7*s**3 + 2*s**2 - s. Let l be q(1). Let v(o) be the third derivative of o**6/120 + o**5/10 + o**4/12 + 5*o**3/6 + o**2. Calculate v(l).
-7
Let z(y) = -8*y + 10*y + 1 - 3*y. Calculate z(-5).
6
Let g be (-1 - -26)*(-10)/25. Let j = -16 - g. Let i(x) = x**2 + 5*x + 1. Give i(j).
7
Let m(x) = -x**2 + 7*x - 4. Let o be m(6). Suppose o*y + 16 = -2*b + 42, -b = -y - 3. Let h be (1/(-2))/(2/b). Let k(n) = n**2. Give k(h).
4
Let t(i) be the first derivative of i**3/6 + i**2/2 + 2*i + 2. Let j(y) be the first derivative of t(y). Let d be (4/14)/((-1)/(-7)). Calculate j(d).
3
Let l = -3 - -9. Let o = -4 + l. Let j(y) = 6 - 1 - y**2 + 2*y**o - 4*y. Determine j(5).
10
Let r(l) = 3*l - 7. Let v be r(4). Let y(c) = 2*c + 5. Give y(v).
15
Suppose c + 3*m = -3*c - 17, 4*m = 4*c + 24. Let j(p) be the second derivative of -p**3/6 - 5*p**2/2 + 73*p. Determine j(c).
0
Let z(w) = -w**3 + 2*w. Suppose -5*o - 4 - 6 = 0. Give z(o).
4
Let i(a) be the first derivative of -a**2/2 - 4*a - 1. Let b = 31 - 35. Calculate i(b).
0
Let h(y) = 0*y - y**2 - 3 + 2*y + y**2 - y**2. Let z(p) = -p + 11. Let a be z(8). What is h(a)?
-6
Suppose -4*v = -2*r - 8, 4*r + v = -3*v + 44. Let k(q) = 5 + r - 2 - q. Determine k(7).
2
Let j(n) = -12*n + 2*n**2 + 2 + 9*n - n**2. Give j(4).
6
Let r(d) be the first derivative of -d**4/4 - 2*d**3 - 7*d**2/2 - 4*d - 37. Determine r(-5).
6
Let l = 32 - 31. Let a(f) = 9*f**2 + 1. Give a(l).
10
Let r(g) = 11*g - 26*g + 10*g + 4 + 9*g. What is r(-5)?
-16
Let r(u) be the second derivative of -13*u**5/20 - u**4/6 - 7*u**3/6 + 9*u**2/2 + u. Let l(i) = -6*i**3 - i**2 - 3*i + 4. Let j(v) = 7*l(v) - 3*r(v). Give j(1).
-3
Let l(v) = -4*v - 3. Let m(w) = -5*w - 3. Let g(a) = 4*l(a) - 3*m(a). Let p = -4 - -3. Let q = -5 - p. What is g(q)?
1
Let j(i) be the third derivative of -i**4/8 + 5*i**3/6 + 2*i**2. Determine j(8).
-19
Let m(f) = -89*f**2 - 9 - 9*f - 94*f**2 + 182*f**2. What is m(-7)?
5
Let p(y) = 7*y**2 + y - 1. Let x be (-2)/(-7) + (-15)/(-21). What is p(x)?
7
Let u(a) be the third derivative of -a**8/6720 + a**7/2520 + a**5/120 - a**4/24 - 3*a**2. Let g(w) be the second derivative of u(w). What is g(2)?
-3
Let c(w) be the third derivative of w**6/120 + 2*w**5/15 + 3*w**4/8 + 3*w**3/2 - 16*w**2. Give c(-7).
-5
Let t be (1/(-2))/(7/182). Let f = 14 + t. Let w(x) = -11*x - 4. Let m(n) = n + 1. Let j(y) = -5*m(y) - w(y). Determine j(f).
5
Let h(c) = -